lse
Is 12345265 prime?
False
Is 51397817 prime?
False
Is 31877273 a composite number?
False
Is 161314001 prime?
True
Is 170627 a composite number?
False
Is 12258193 composite?
True
Is 48129969 a prime number?
False
Is 45221093 a prime number?
True
Is 321854791 a prime number?
True
Is 1363849 a composite number?
True
Is 277104661 prime?
False
Is 11820791 a prime number?
True
Is 900167 prime?
False
Is 159604409 prime?
False
Is 2128649 composite?
False
Is 16803589 a prime number?
False
Is 25758949 a composite number?
False
Is 48681089 prime?
True
Is 15040469 prime?
True
Is 46575071 composite?
False
Is 3933751 prime?
False
Is 5287229 a composite number?
False
Is 888599 prime?
False
Is 10393249 composite?
True
Is 12146669 a prime number?
True
Is 452527697 prime?
True
Is 17868103 a composite number?
True
Is 18199211 a prime number?
False
Is 6837277 a prime number?
False
Is 3793849 composite?
False
Is 36046393 a prime number?
True
Is 3098217 prime?
False
Is 409573 prime?
True
Is 2671283 a prime number?
False
Is 176459 a prime number?
True
Is 133129981 a composite number?
True
Is 14797505 prime?
False
Is 24619339 composite?
False
Is 6976847 a prime number?
False
Is 4984051 prime?
False
Is 88213 prime?
False
Is 30295087 prime?
True
Is 1240565581 composite?
False
Is 21000721 a prime number?
False
Is 716117 prime?
True
Is 320326987 a composite number?
False
Is 16238113 a composite number?
False
Is 229132729 composite?
True
Is 768127 prime?
True
Is 134361151 prime?
True
Is 919403 a composite number?
True
Is 1216949 prime?
False
Is 7280929 a prime number?
False
Is 55983 a prime number?
False
Is 2220611 a composite number?
True
Is 15524323 prime?
True
Is 123619513 a prime number?
False
Is 251234411 composite?
True
Is 1715507 prime?
True
Is 4843567 a prime number?
True
Is 118512451 prime?
False
Is 10101113 prime?
False
Is 25923473 prime?
False
Is 51666137 prime?
True
Is 310211719 composite?
False
Is 1441289 a prime number?
True
Is 4473541 composite?
False
Is 164311163 composite?
True
Is 14461771 prime?
False
Is 3083071 a composite number?
False
Is 31352939 a prime number?
True
Is 479482253 composite?
False
Is 5176663 composite?
False
Is 13274929 prime?
False
Is 19014389 prime?
False
Is 3802229 a prime number?
True
Is 71024237 composite?
False
Is 4093406 composite?
True
Is 41836939 prime?
True
Is 475331001 composite?
True
Is 1389691 composite?
True
Is 116208299 prime?
False
Is 72105619 composite?
True
Is 8382031 a prime number?
False
Is 56382181 composite?
False
Is 5399443 prime?
False
Is 453124537 a prime number?
False
Is 5111507 composite?
True
Is 298661269 prime?
True
Is 232926541 composite?
True
Is 2892511 prime?
True
Is 390986053 a prime number?
True
Is 58676789 composite?
False
Is 11443921 composite?
False
Is 138262115 a prime number?
False
Is 427667699 composite?
True
Is 1531843 composite?
False
Is 8433319 composite?
False
Is 44366131 a prime number?
True
Is 36566483 composite?
False
Is 93697643 prime?
False
Is 4704983 a prime number?
False
Is 6140371 a composite number?
True
Is 13540189 prime?
False
Is 523631 a composite number?
False
Is 9364609 a composite number?
True
Is 4024091 prime?
True
Is 99075077 composite?
False
Is 22629547 a prime number?
True
Is 6825529 prime?
False
Is 29001317 composite?
True
Is 137572171 a prime number?
False
Is 279231 a prime number?
False
Is 562117 prime?
False
Is 71032543 a prime number?
False
Is 137659507 prime?
True
Is 13633903 a composite number?
False
Is 22089671 composite?
True
Is 303679 prime?
True
Is 360970589 prime?
False
Is 2350457 composite?
False
Is 33608527 prime?
True
Is 5775689 prime?
False
Is 2803091 a composite number?
False
Is 8913467 a prime number?
False
Is 601127 composite?
False
Is 9997643 composite?
False
Is 216483167 composite?
False
Is 1686529 composite?
True
Is 5129731 prime?
True
Is 2462911787 prime?
False
Is 708403 a composite number?
False
Is 26911145 prime?
False
Is 1341415 prime?
False
Is 2125919 a prime number?
True
Is 6019981 a composite number?
True
Is 1509670797 a prime number?
False
Is 2386437 prime?
False
Is 615218 prime?
False
Is 57465739 a composite number?
True
Is 23365751 a prime number?
False
Is 3045793 a composite number?
False
Is 71543 a composite number?
True
Is 6230617 a composite number?
False
Is 9574661 composite?
False
Is 974891 a composite number?
False
Is 1747513 a prime number?
True
Is 1255747 a composite number?
False
Is 18491599 prime?
False
Is 53643241 a prime number?
True
Is 655202851 a prime number?
False
Is 27820933 a prime number?
False
Is 293927599 a prime number?
False
Is 16248349 prime?
False
Is 360029083 composite?
True
Is 1345117 composite?
False
Is 23950279 composite?
True
Is 5435 a composite number?
True
Is 153191 a composite number?
False
Is 69519 a composite number?
True
Is 53191027 prime?
False
Is 53679943 a prime number?
True
Is 386568691 a composite number?
False
Is 301388951 a composite number?
False
Is 2160337 prime?
True
Is 2321821 composite?
False
Is 16860653 a prime number?
False
Is 1217 a composite number?
False
Is 28771219 prime?
False
Is 90707 a prime number?
False
Is 35784691 a composite number?
False
Is 47963741 a composite number?
True
Is 463596191 a composite number?
False
Is 4071251 composite?
True
Is 89075062 a prime number?
False
Is 21708007 a prime number?
True
Is 650359469 a composite number?
True
Is 9840601 prime?
True
Is 3626339 prime?
True
Is 12516121 a prime number?
True
Is 81367907 prime?
True
Is 32540327 prime?
False
Is 8320627 composite?
True
Is 21110421 prime?
False
Is 22124849 a prime number?
True
Is 5755963 composite?
True
Is 8306813 a composite number?
True
Is 89299877 prime?
True
Is 22888277 composite?
False
Is 10405949 a prime number?
True
Is 79801981 a prime number?
False
Is 239360945 a prime number?
False
Is 165362707 a composite number?
False
Is 1518239 composite?
False
Is 99498001 composite?
True
Is 609745441 a prime number?
False
Is 47196767 prime?
True
Is 2022413 prime?
False
Is 184098907 prime?
True
Is 10504451 composite?
False
Is 4290673 prime?
False
Is 7241095 prime?
False
Is 94338047 a prime number?
True
Is 13112135 prime?
False
Is 86017783 composite?
False
Is 3692083 composite?
True
Is 30590927 a composite number?
True
Is 978451 a prime number?
False
Is 24109663 prime?
False
Is 6105797 composite?
True
Is 5904179 a prime number?
True
Is 8579957 a prime number?
False
Is 415311009 prime?
False
Is 3036021 prime?
False
Is 86823301 prime?
False
Is 45523 a composite number?
False
Is 65823647 a prime number?
True
Is 11910551 prime?
True
Is 633306199 composite?
True
Is 1061807 a composite number?
False
Is 1109261 composite?
True
Is 1956793 a prime number?
True
Is 249260017 a composite number?
True
Is 102919247 a composite number?
False
Is 32114759 a composite number?
False
Is 6191671 a composite number?
True
Is 287168537 prime?
True
Is 775199 prime?
False
Is 29645459 a prime number?
False
Is 5891261 a prime number?
True
Is 286333 a composite number?
False
Is 26210953 prime?
True
Is 1095691 a composite number?
False
Is 208290211 a prime number?
True
Is 605334259 composite?
False
Is 491783 prime?
True
Is 1472767 a composite number?
False
Is 737714 prime?
False
Is 94345357 a composite number?
False
Is 1191866545 composite?
True
Is 32553637 composite?
True
Is 6700489 composite?
False
Is 105268903 composite?
True
Is 85598083 prime?
False
Is 3788633 composite?
False
Is 14504251 composite?
False
Is 1061171 composite?
False
Is 347636741 a composite number?
False
Is 776651 a prime number?
True
Is 168665581 a composite number?
True
Is 1417421 a composite number?
True
Is 437827837 a composite number?
False
Is 19723969 prime?
True
Is 6678037 a prime number?
True
Is 36553471 a prime number?
False
Is 61225597 composite?
False
Is 9905813 composite?
False
Is 96647 a prime number?
False
Is 96391 a composite number?
True
Is 63617347 a prime number?
True
Is 703371 composite?
True
Is 3953053 prime?
False
Is 242861 composite?
True
Is 3037577 a prime number?
False
Is 1977422 a composite number?
True
Is 207286 prime?
False
Is 412693 composite?
True
Is 1909561 a composite number?
False
Is 1541697 composite?
True
Is 86126837 composite?
True
Is 12259181 a prime number?
False
Is 58279561 a composite number?
True
Is 3279173 a prime number?
T